{"id":12,"date":"2014-03-02T12:24:19","date_gmt":"2014-03-02T10:24:19","guid":{"rendered":"http:\/\/wp1129053.server-he.de\/diestaeblers_wp\/?page_id=12"},"modified":"2024-05-16T19:38:59","modified_gmt":"2024-05-16T17:38:59","slug":"hans-martin-staebler","status":"publish","type":"page","link":"https:\/\/www.diestaeblers.de\/?page_id=12","title":{"rendered":"Hans-Martin St\u00e4bler"},"content":{"rendered":"<p><a href=\"https:\/\/www.diestaeblers.de\/wp-content\/uploads\/2014\/03\/2015_CiW_Festtagklein.jpg\" rel=\"lightbox[12]\"><img loading=\"lazy\" decoding=\"async\" class=\"alignright size-full wp-image-480\" src=\"https:\/\/www.diestaeblers.de\/wp-content\/uploads\/2024\/05\/Bild-Hans-Martin-Staebler_2022-scaled.jpg\" alt=\"\" width=\"2560\" height=\"1707\" srcset=\"https:\/\/www.diestaeblers.de\/wp-content\/uploads\/2024\/05\/Bild-Hans-Martin-Staebler_2022-scaled.jpg 2560w, https:\/\/www.diestaeblers.de\/wp-content\/uploads\/2024\/05\/Bild-Hans-Martin-Staebler_2022-300x200.jpg 300w, https:\/\/www.diestaeblers.de\/wp-content\/uploads\/2024\/05\/Bild-Hans-Martin-Staebler_2022-1024x683.jpg 1024w, https:\/\/www.diestaeblers.de\/wp-content\/uploads\/2024\/05\/Bild-Hans-Martin-Staebler_2022-768x512.jpg 768w, https:\/\/www.diestaeblers.de\/wp-content\/uploads\/2024\/05\/Bild-Hans-Martin-Staebler_2022-1536x1024.jpg 1536w, https:\/\/www.diestaeblers.de\/wp-content\/uploads\/2024\/05\/Bild-Hans-Martin-Staebler_2022-2048x1366.jpg 2048w\" sizes=\"auto, (max-width: 706px) 89vw, (max-width: 767px) 82vw, 740px\" \/><img loading=\"lazy\" decoding=\"async\" class=\"aligncenter wp-image-115 size-large\" src=\"https:\/\/www.diestaeblers.de\/wp-content\/uploads\/2014\/03\/2015_CiW_Festtagklein-1024x683.jpg\" alt=\"\" width=\"604\" height=\"403\" srcset=\"https:\/\/www.diestaeblers.de\/wp-content\/uploads\/2014\/03\/2015_CiW_Festtagklein-1024x683.jpg 1024w, https:\/\/www.diestaeblers.de\/wp-content\/uploads\/2014\/03\/2015_CiW_Festtagklein-300x200.jpg 300w, https:\/\/www.diestaeblers.de\/wp-content\/uploads\/2014\/03\/2015_CiW_Festtagklein.jpg 1313w\" sizes=\"auto, (max-width: 604px) 100vw, 604px\" \/><\/a><\/p>\n<p><strong>Lebens- und Dienstgeschichte<\/strong><\/p>\n<ul>\n<li>Geboren am 7.12.1951 in Herbrechtingen bei Heidenheim (BW)<\/li>\n<li>Ausbildung bei Siemens im Bereich Starkstromelektrik und Steuerungselektronik mit dem Berufsziel Elektroingenieur<\/li>\n<li>Wehrdienstzeit (18 Monate) in Pfullendorf und Ulm<\/li>\n<li>Mit 19 Jahren die Bedeutung des pers\u00f6nlichen Glaubens an Jesus Christus entdeckt<\/li>\n<li>Ehrenamtliche Mitarbeit in der Jungschar-, Jugend- und Musikarbeit einer lebendigen evangelischen Kirchengemeinde (Bernloch\/Meidelstetten auf der schw\u00e4bischen Alb) in W\u00fcrttemberg<\/li>\n<li>1973 \u2013 1976 <strong>Theologiestudium<\/strong> im theologischen Studienzentrum und Evangelistenschule Johanneum in Wuppertal<\/li>\n<li>1976 <strong>Ordination<\/strong> zum vollzeitlichen Verk\u00fcndigungsdienst und zur Jugendarbeit<\/li>\n<li>Anschlie\u00dfend 5 Jahre <strong>Landesjugendpastor<\/strong>\u00a0in einer landeskirchlichen Gemeinschaft in W\u00fcrttemberg (Apis) mit bundesweiten Aufgaben im Gnadauer Bereich<\/li>\n<li>Danach 10 Jahre <strong>Landesjugendreferent<\/strong> im Evangelischen Jugendwerk (EJW) und CVJM-Landesverband in W\u00fcrttemberg \u2013 Schwerpunkte: Jugendevangelisation, Junge Erwachsenenarbeit, Bibelschulung, Freizeitarbeit, Musikarbeit<\/li>\n<li>Beauftragung zu Predigtdiensten und zur Sakramentsverwaltung durch die w\u00fcrttembergische evangelische Landeskirche<\/li>\n<li>Ehrenamtliches Engagement im Verwaltungsrat der Freien evangelischen Schule in Reutlingen (FES) (10 Jahre lang)<\/li>\n<li>Berufsbegleitend: Ausbildung zum staatlich gepr\u00fcften Erzieher, journalistisches Volontariat beim Evangeliums-Rundfunk (ERF Medien)<\/li>\n<li>Von 1990 bis M\u00e4rz 2012 <strong>Generalsekret\u00e4r<\/strong> des CVJM-Landesverbandes Bayern<br \/>\nDies bedeutete: inhaltliche personelle (ca. 90 hauptamtliche Angestellte, ca. 3.000 ehrenamtliche Mitarbeiter) und finanzielle Leitung des CVJM Bayern (ca. 150 CVJM-Vereine), verantwortliche Mitarbeit in den Gremien des deutschen CVJM<br \/>\nSchwerpunkte: Verk\u00fcndigung, Mitarbeiterbegleitung und biblische Schulung<\/li>\n<li>Verantwortliche Mitarbeit im weltweiten YMCA (Projekte in Kenia, Ruanda, S\u00fcdafrika, Chile, Bulgarien,\u2026)<\/li>\n<li>Initiator der \u201eKonfiCastle\u201c-Arbeit mit Konfirmanden und der \u201eMissiopoint\u201c-Projekte zum Neustart kirchlicher Jugendarbeit<\/li>\n<li>Verantwortlich f\u00fcr die CVJM-Burg Wernfels &#8211; Neubau des Festsaals u. a.<\/li>\n<li>1991 bis 2011 (zus\u00e4tzlich) <strong>Gesch\u00e4ftsf\u00fchrer<\/strong> der CVJM Bayern Reise und Service GmbH<br \/>\nInitiator und Leitung von Israel-Ferienbibelschulen (Bibel life), besonderer Israelreisen, vieler christlicher Traumschiff-Kreuzfahrten, JesusBoat f\u00fcr junge Erwachsene und weiterer weltweiter Reisen<\/li>\n<li>1992 Berufung zum <strong>Pr\u00e4dikanten<\/strong> mit Sakramentsverwaltung im Bereich der Evang.-Luth. Kirche in Bayern durch den Landesbischof<\/li>\n<li>Im September 2011 wurde Hans-Martin St\u00e4bler das <strong>goldene Weltbundabzeichen des CVJM\/YMCA <\/strong>als Anerkennung seiner Dienste im CVJM in Deutschland und weltweit verliehen<\/li>\n<li>seit April 2012 als <strong>theologischer Referent und Evangelist<\/strong> bei ERF Medien unterwegs zu Gottesdiensten, Freizeiten, Bibelwochen und Evangelisationen in Deutschland und im Ausland (z.B. Namibia\/S\u00fcdafrika\/Korsika), Radio- und Fernsehsendungen<\/li>\n<li>Regelm\u00e4\u00dfige Verk\u00fcndigungsdienste in der Deutsch-Lutherischen Kirche in Namibia und bei TWR\/ERF S\u00fcdafrika<\/li>\n<li>Missionsreise ERF\/TWR Namibia\/S\u00fcdafrika<\/li>\n<li>von Februar 2014 bis Juli 2017\u00a0<strong>Generalsekret\u00e4r<\/strong> des CiW (Christen in der Wirtschaft e.V. mit der neuen Zentrale in W\u00fcrzburg) und ehrenamtlicher <strong>theologischer Referent und Evangelist<\/strong> bei ERF Medien<\/li>\n<li>Oktober 2017 Initiator und Leiter der Wittenberg-Tagung mit ca. 500 F\u00fchrungskr\u00e4ften<\/li>\n<li>Seit 2011 Initiator und ehrenamtlicher<strong> Vorsitzender der Missionsinitiative \u201emissionarisch unterwegs e.V.<\/strong> (www.missionarisch-unterwegs.de)<br \/>\nmit dem Medien- und Technikprojekt \u201eBildwerk&#8220;(www.bildwerk-medien.de)<\/li>\n<li>Regelm\u00e4\u00dfige Leitung weltweiter anspruchsvoller Reisen und Freizeiten mit christlichem Profil &#8211; besonders auch nach Israel, (www.mit-uns-unterwegs.de)<\/li>\n<li>Seit Juli 2017 <strong>im engagierten Ruhestand <\/strong>(Generalsekret\u00e4r a. D.)<\/li>\n<li>Im April 2014 wurde Hans-Martin St\u00e4bler das <strong>Bundesverdienstkreuz am Bande der Bundesrepublik Deutschland<\/strong> verliehen vom ehem. Bundespr\u00e4sidenten Gauck<\/li>\n<li>Im M\u00e4rz 2016 <strong>Festakt des Staates Israel<\/strong> in Jerusalem: W\u00fcrdigung als wahrer Freund und Botschafter Israels<\/li>\n<li>Seither unterwegs zu vielen Verk\u00fcndigungsdiensten, Referaten und Bibelfreizeiten in Deutschland und weltweit (Namibia&#8230;)<\/li>\n<li>Januar 2018 &#8211; M\u00e4rz 2019 &#8211; <strong>Berater und Botschafter beim KcF 2019 <\/strong>(Kongress christlicher F\u00fchrungskr\u00e4fte)<\/li>\n<li><strong>Autor<\/strong> des Andachtsbuches &#8222;Bitte keine halben Sachen&#8220;<\/li>\n<\/ul>\n<p><strong>W\u00fcrdigungen<\/strong><\/p>\n<ul>\n<li><strong>Goldenes Weltbundabzeichen des CVJM\/YMCA<br \/>\n<\/strong>Im September 2011\u00a0 als Anerkennung der Dienste im CVJM in Deutschland und weltweit verliehen<\/li>\n<li><strong>Bundesverdienstkreuzes am Bande der Bundesrepublik Deutschland von Bundespr\u00e4sident Gauck<br \/>\n<\/strong>Im April 2014 f\u00fcr das Engagement in der christlichen Jugendarbeit und in internationalen Projekten durch den bayrischen Innenminister Joachim Herrmann \u00fcberreicht.<br \/>\n<img loading=\"lazy\" decoding=\"async\" class=\"alignnone  wp-image-49\" src=\"https:\/\/www.diestaeblers.de\/wp-content\/uploads\/2014\/04\/verleihung_bundesverdienstkreuz-289x300.jpg\" alt=\"\" width=\"232\" height=\"235\" \/><\/li>\n<li><strong>W\u00fcrdigung als wahrer Freund und Botschafter Israels<br \/>\n<\/strong>Im M\u00e4rz 2016 bei Festakt des Staates Israel in Jerusalem verliehen<\/li>\n<\/ul>\n<p><strong>Zus\u00e4tzliche ehrenamtliche Aufgaben und \u00c4mter<\/strong><\/p>\n<p><strong>Aktuell:<\/strong><\/p>\n<ul>\n<li>Vorsitzender von \u201emissionarisch unterwegs e. V.\u201c mit unterwegs GmbH und [bild:werk] medien<\/li>\n<li>Berater der Mitgliederversammlung \u201eTor zum Leben-Lifegate Rehabilitation e.V.\u201c<\/li>\n<li>Mitglied von ERF Medien, Mitarbeit bei Sendungen<\/li>\n<li>Mitglied der Evangelistenschule Johanneum in Wuppertal<\/li>\n<li>Mitglied des \u00f6kumenischen Tr\u00e4gerkreises von \u201eMiteinander f\u00fcr Europa\u201c<\/li>\n<li>Mitglied in der AMD, AEM und der Deutschen Evangelischen Allianz<\/li>\n<\/ul>\n<p><strong>Fr\u00fcher:<\/strong><\/p>\n<ul>\n<li>im Vorstand der Arbeitsgemeinschaft Jugendevangelisation in Deutschland (AGJE)<\/li>\n<li>in der Koalition f\u00fcr Evangelisation in Deutschland (Lausanner Tr\u00e4gerkreis &#8211; Runder Tisch)<\/li>\n<li>im Leiterkreis und Vorstand des Jugendkongresses Christival (Moderation der Gro\u00dfveranstaltungen)<\/li>\n<li>im ProChrist Vorstand &#8211; verantwortlicher Regionalleiter von ProChrist Bayern<\/li>\n<li>Mitglied bei ProChrist (bis 2024)<\/li>\n<li>im Hauptvorstand der Deutschen Evangelischen Allianz<\/li>\n<li>im Vorstand der G\u00e4steh\u00e4user Hohe Rh\u00f6n\/Bischofsheim<\/li>\n<li>in der Pinea-Programmgruppe Korsika<\/li>\n<li>Mitglied im CVJM Lauf (Bayern)<\/li>\n<\/ul>\n<p><strong>Pers\u00f6nliches<\/strong><a href=\"https:\/\/www.diestaeblers.de\/wp-content\/uploads\/2014\/03\/IMG_2183-klein.jpg\" rel=\"lightbox[12]\"><img loading=\"lazy\" decoding=\"async\" class=\"alignright wp-image-116 \" src=\"https:\/\/www.diestaeblers.de\/wp-content\/uploads\/2014\/03\/IMG_2183-klein-250x250.jpg\" alt=\"Renate St\u00e4bler\" width=\"225\" height=\"225\" \/><\/a><\/p>\n<ul>\n<li>Seit 1976 <strong>verheiratet mit Renate St\u00e4bler<\/strong>, Lehrerin und (bis Oktober 2011) Leitung der Reiseabteilung des CVJM Bayern<\/li>\n<li>Diese Aufgabe f\u00fchrt sie seither als Prokuristin weiter in der \u201eunterwegs GmbH\u201c, einem Arbeitsbereich von missionarisch unterwegs e. V.<\/li>\n<li>Ehrenamtlich leitet meine Frau seit \u00fcber 40 Jahren Einkehrtage f\u00fcr Frauen und M\u00fctter und \u201eAufatmen-Seminare\u201c<\/li>\n<li>Zu unserer Familie geh\u00f6ren 5 verheiratete Kinder und 12 Enkelkinder<\/li>\n<li>seit 2021 wohnhaft in Nufringen (Dienstsitz)<br \/>\n(1. Wohnsitz in Siegsdorf bei Traunstein)<\/li>\n<li>Wir beide sind Mitglieder im CVJM Pfullingen (BW) und im CVJM Nufringen (BW)<\/li>\n<\/ul>\n<p><b>Kontakt<\/b><br \/>\n<a href=\"mailto:hans-martin@diestaeblers.de\">hans-martin@diestaeblers.de<\/a><br \/>\nTel mobil: (0171) 5 401 850<\/p>\n<p><strong>Besondere Reisen und Freizeiten<\/strong><br \/>\n<a href=\"http:\/\/www.mit-uns-unterwegs.de\">www.mit-uns-unterwegs.de<\/a><br \/>\nTel: (07032) 2 295 184 (Renate St\u00e4bler)<\/p>\n","protected":false},"excerpt":{"rendered":"<p>Lebens- und Dienstgeschichte Geboren am 7.12.1951 in Herbrechtingen bei Heidenheim (BW) Ausbildung bei Siemens im Bereich Starkstromelektrik und Steuerungselektronik mit dem Berufsziel Elektroingenieur Wehrdienstzeit (18 Monate) in Pfullendorf und Ulm Mit 19 Jahren die Bedeutung des pers\u00f6nlichen Glaubens an Jesus Christus entdeckt Ehrenamtliche Mitarbeit in der Jungschar-, Jugend- und Musikarbeit einer lebendigen evangelischen Kirchengemeinde (Bernloch\/Meidelstetten &hellip; <\/p>\n<p class=\"link-more\"><a href=\"https:\/\/www.diestaeblers.de\/?page_id=12\" class=\"more-link\"><span class=\"screen-reader-text\">\u201eHans-Martin St\u00e4bler\u201c <\/span>weiterlesen<\/a><\/p>\n","protected":false},"author":1,"featured_media":0,"parent":0,"menu_order":0,"comment_status":"closed","ping_status":"closed","template":"","meta":{"footnotes":""},"class_list":["post-12","page","type-page","status-publish","hentry"],"_links":{"self":[{"href":"https:\/\/www.diestaeblers.de\/index.php?rest_route=\/wp\/v2\/pages\/12","targetHints":{"allow":["GET"]}}],"collection":[{"href":"https:\/\/www.diestaeblers.de\/index.php?rest_route=\/wp\/v2\/pages"}],"about":[{"href":"https:\/\/www.diestaeblers.de\/index.php?rest_route=\/wp\/v2\/types\/page"}],"author":[{"embeddable":true,"href":"https:\/\/www.diestaeblers.de\/index.php?rest_route=\/wp\/v2\/users\/1"}],"replies":[{"embeddable":true,"href":"https:\/\/www.diestaeblers.de\/index.php?rest_route=%2Fwp%2Fv2%2Fcomments&post=12"}],"version-history":[{"count":37,"href":"https:\/\/www.diestaeblers.de\/index.php?rest_route=\/wp\/v2\/pages\/12\/revisions"}],"predecessor-version":[{"id":485,"href":"https:\/\/www.diestaeblers.de\/index.php?rest_route=\/wp\/v2\/pages\/12\/revisions\/485"}],"wp:attachment":[{"href":"https:\/\/www.diestaeblers.de\/index.php?rest_route=%2Fwp%2Fv2%2Fmedia&parent=12"}],"curies":[{"name":"wp","href":"https:\/\/api.w.org\/{rel}","templated":true}]}}