{"id":189,"date":"2017-10-06T19:22:24","date_gmt":"2017-10-06T17:22:24","guid":{"rendered":"http:\/\/www.diestaeblers.de\/?page_id=189"},"modified":"2017-10-06T19:25:16","modified_gmt":"2017-10-06T17:25:16","slug":"kallis-kochkalender-rezept-januar","status":"publish","type":"page","link":"https:\/\/www.diestaeblers.de\/?page_id=189","title":{"rendered":"Kallis Kochkalender &#8211; Rezept Januar"},"content":{"rendered":"<p>Kartoffeln sch\u00e4len, waschen, gar kochen und abgie\u00dfen. Dann in den Kochtopf stampfen (So gut es geht). Die Milch hei\u00df machen und \u00fcber den gestampften Brei gie\u00dfen. Salz und Butter dazugeben. Mit dem Elektromixer Milch, Kartoffeln und Butter so lange quirlen, bis ein glatter klumpenfreier Brei entstanden ist. FERTIG!<\/p>\n","protected":false},"excerpt":{"rendered":"<p>Kartoffeln sch\u00e4len, waschen, gar kochen und abgie\u00dfen. Dann in den Kochtopf stampfen (So gut es geht). Die Milch hei\u00df machen und \u00fcber den gestampften Brei gie\u00dfen. Salz und Butter dazugeben. Mit dem Elektromixer Milch, Kartoffeln und Butter so lange quirlen, bis ein glatter klumpenfreier Brei entstanden ist. FERTIG!<\/p>\n","protected":false},"author":1,"featured_media":0,"parent":0,"menu_order":0,"comment_status":"closed","ping_status":"closed","template":"","meta":{"footnotes":""},"class_list":["post-189","page","type-page","status-publish","hentry"],"_links":{"self":[{"href":"https:\/\/www.diestaeblers.de\/index.php?rest_route=\/wp\/v2\/pages\/189","targetHints":{"allow":["GET"]}}],"collection":[{"href":"https:\/\/www.diestaeblers.de\/index.php?rest_route=\/wp\/v2\/pages"}],"about":[{"href":"https:\/\/www.diestaeblers.de\/index.php?rest_route=\/wp\/v2\/types\/page"}],"author":[{"embeddable":true,"href":"https:\/\/www.diestaeblers.de\/index.php?rest_route=\/wp\/v2\/users\/1"}],"replies":[{"embeddable":true,"href":"https:\/\/www.diestaeblers.de\/index.php?rest_route=%2Fwp%2Fv2%2Fcomments&post=189"}],"version-history":[{"count":2,"href":"https:\/\/www.diestaeblers.de\/index.php?rest_route=\/wp\/v2\/pages\/189\/revisions"}],"predecessor-version":[{"id":203,"href":"https:\/\/www.diestaeblers.de\/index.php?rest_route=\/wp\/v2\/pages\/189\/revisions\/203"}],"wp:attachment":[{"href":"https:\/\/www.diestaeblers.de\/index.php?rest_route=%2Fwp%2Fv2%2Fmedia&parent=189"}],"curies":[{"name":"wp","href":"https:\/\/api.w.org\/{rel}","templated":true}]}}