{"id":392,"date":"2021-02-25T18:21:24","date_gmt":"2021-02-25T16:21:24","guid":{"rendered":"http:\/\/www.diestaeblers.de\/?page_id=392"},"modified":"2024-05-16T20:24:16","modified_gmt":"2024-05-16T18:24:16","slug":"texte-mitschnitte","status":"publish","type":"page","link":"https:\/\/www.diestaeblers.de\/?page_id=392","title":{"rendered":"Texte &#038; Mitschnitte"},"content":{"rendered":"\n<p><strong>Gottesdienste<\/strong><br><br><strong>14. M\u00e4rz 2021<\/strong><br><a rel=\"noreferrer noopener\" href=\"https:\/\/www.youtube.com\/watch?v=5zAR7fRLvtE\" target=\"_blank\">Predigt Hans-Martin St\u00e4bler<br>in der Sonntagabendkirche der St. Matth\u00e4uskirche M\u00fcnchen<\/a><br><br><strong>10. Januar 2021<\/strong><br><a rel=\"noreferrer noopener\" href=\"https:\/\/youtu.be\/mR5emmDBg70\" target=\"_blank\">Predigt Hans-Martin St\u00e4bler <br>im Online Gottesdienst Johanneskirche Rutesheim<\/a><\/p>\n\n\n\n<p><strong>2. Juli 2023<\/strong><br><a href=\"https:\/\/www.youtube.com\/watch?v=TZLZHR936CU\" data-type=\"URL\" data-id=\"https:\/\/www.youtube.com\/watch?v=TZLZHR936CU\" target=\"_blank\" rel=\"noreferrer noopener\">Predigt Hans-Martin St\u00e4bler<br>in der Johanneskirche Rutesheim<\/a><br><br><strong>Videos<\/strong><\/p>\n\n\n\n<p><strong>Verabschiedung als Generalsekret\u00e4r von Christen in der Wirtschaft e. V. beim CiW-Festtag am 20.05.2017:<\/strong><br><br>&#8211; <a rel=\"noreferrer noopener\" href=\"https:\/\/www.youtube.com\/watch?v=aXtJzhP88vo\" target=\"_blank\">Predigt von Ulrich Parzany<\/a><br>&#8211; <a rel=\"noreferrer noopener\" href=\"https:\/\/www.youtube.com\/watch?v=SwYVTY1WviE&amp;list=PLiRmf9NqU6hTInsrR21xB4DdlQ1_pQn92&amp;index=7\" target=\"_blank\">Laudatio Fritz Schroth<\/a><br>&#8211; <a rel=\"noreferrer noopener\" href=\"https:\/\/www.youtube.com\/watch?v=S1lTM395Z-E&amp;list=PLiRmf9NqU6hTInsrR21xB4DdlQ1_pQn92\" target=\"_blank\">Verabschiedung, Entpflichtung und Segen <\/a><br><\/p>\n\n\n\n<p><strong>Radiosendungen<\/strong><br><br><strong>3. Mai 2024<\/strong><br><a href=\"https:\/\/www.erf.de\/hoeren-sehen\/erf-plus\/audiothek\/wort-zum-tag\/barmherzigkeit-lernen-und-leben\/73-7485\">ERF plus &#8211; Das Wort zum Tag<br>&#8222;Barmherzigkeit lernen und leben&#8220; Hans-Martin St\u00e4bler zu Lukas 6,36<\/a><\/p>\n\n\n\n<p><strong>2. Mai 2024<\/strong><br><a href=\"https:\/\/www.erf.de\/hoeren-sehen\/erf-plus\/audiothek\/wort-zum-tag\/gottes-sorge-fuer-unser-leben\/73-7484\">ERF plus &#8211; Das Wort zum Tag<br>&#8222;Gottes Sorge f\u00fcr unser Leben&#8220; Hans-Martin St\u00e4bler zu Psalm 81,14<\/a><\/p>\n\n\n\n<p><strong>18. M\u00e4rz 2021<\/strong><br><a href=\"https:\/\/www.erf.de\/erf-plus\/audiothek\/wort-zum-tag\/ein-echter-brief\/73-6343\" target=\"_blank\" rel=\"noreferrer noopener\">ERF plus &#8211; Das Wort zum Tag<br>&#8222;Ein echter Brief&#8220; Hans-Martin St\u00e4bler zu 2. Korinther 3,5<\/a><\/p>\n\n\n\n<p><strong>17. M\u00e4rz 2021<\/strong><br><a href=\"https:\/\/www.erf.de\/erf-plus\/audiothek\/wort-zum-tag\/angesehen\/73-6342\" target=\"_blank\" rel=\"noreferrer noopener\">ERF plus &#8211; Das Wort zum Tag<br>&#8222;Angesehen&#8220; Hans-Martin St\u00e4bler \u00fcber 1. Mose  16, 13<\/a><br><br><strong>15. September 2020<\/strong><br><a href=\"https:\/\/www.erf.de\/index.php?content_spage=&amp;node=38142&amp;content_item=226\" target=\"_blank\" rel=\"noreferrer noopener\">ERF plus<br>\u201eKrebs hat nicht in den Terminkalender gepasst\u201c<br>Hans-Martin St\u00e4bler \u00fcber sein bewegtes Leben und seine Erkrankung vor vier Jahren<\/a><br><br><strong>26. August 2020 <\/strong><br><a href=\"https:\/\/www.erf.de\/index.php?content_spage=&amp;node=8315&amp;content_item=104\" target=\"_blank\" rel=\"noreferrer noopener\">ERF plus <br>Mutmacher &#8211; Als \u201eMutmacher\u201c kennt Hans-Martin St\u00e4bler in seinem Leben nicht nur gesunde und starke Zeiten<\/a><\/p>\n\n\n\n<p><\/p>\n\n\n\n<p><\/p>\n","protected":false},"excerpt":{"rendered":"<p>Gottesdienste 14. M\u00e4rz 2021Predigt Hans-Martin St\u00e4blerin der Sonntagabendkirche der St. Matth\u00e4uskirche M\u00fcnchen 10. Januar 2021Predigt Hans-Martin St\u00e4bler im Online Gottesdienst Johanneskirche Rutesheim 2. Juli 2023Predigt Hans-Martin St\u00e4blerin der Johanneskirche Rutesheim Videos Verabschiedung als Generalsekret\u00e4r von Christen in der Wirtschaft e. V. beim CiW-Festtag am 20.05.2017: &#8211; Predigt von Ulrich Parzany&#8211; Laudatio Fritz Schroth&#8211; Verabschiedung, Entpflichtung &hellip; <\/p>\n<p class=\"link-more\"><a href=\"https:\/\/www.diestaeblers.de\/?page_id=392\" class=\"more-link\"><span class=\"screen-reader-text\">\u201eTexte &#038; Mitschnitte\u201c <\/span>weiterlesen<\/a><\/p>\n","protected":false},"author":1,"featured_media":0,"parent":0,"menu_order":0,"comment_status":"closed","ping_status":"closed","template":"","meta":{"footnotes":""},"class_list":["post-392","page","type-page","status-publish","hentry"],"_links":{"self":[{"href":"https:\/\/www.diestaeblers.de\/index.php?rest_route=\/wp\/v2\/pages\/392","targetHints":{"allow":["GET"]}}],"collection":[{"href":"https:\/\/www.diestaeblers.de\/index.php?rest_route=\/wp\/v2\/pages"}],"about":[{"href":"https:\/\/www.diestaeblers.de\/index.php?rest_route=\/wp\/v2\/types\/page"}],"author":[{"embeddable":true,"href":"https:\/\/www.diestaeblers.de\/index.php?rest_route=\/wp\/v2\/users\/1"}],"replies":[{"embeddable":true,"href":"https:\/\/www.diestaeblers.de\/index.php?rest_route=%2Fwp%2Fv2%2Fcomments&post=392"}],"version-history":[{"count":16,"href":"https:\/\/www.diestaeblers.de\/index.php?rest_route=\/wp\/v2\/pages\/392\/revisions"}],"predecessor-version":[{"id":491,"href":"https:\/\/www.diestaeblers.de\/index.php?rest_route=\/wp\/v2\/pages\/392\/revisions\/491"}],"wp:attachment":[{"href":"https:\/\/www.diestaeblers.de\/index.php?rest_route=%2Fwp%2Fv2%2Fmedia&parent=392"}],"curies":[{"name":"wp","href":"https:\/\/api.w.org\/{rel}","templated":true}]}}